 + 121, i + 5*q = -15. Suppose -10*h + 11*h + r - 463 = i, 0 = -3*h - r + 1395. List the prime factors of h.
2, 233
Let w(l) = l**3 - l**2 + 2*l - 7. Let u be w(0). Let s(j) = -5*j**3 - 13*j**2 - 18*j + 12. What are the prime factors of s(u)?
2, 19
Suppose 4*z = t + 127, 260 = -2*t - z + 3*z. What are the prime factors of 3 + t/(-5) + 4/5?
2, 3, 5
Let d = 377 - -281. Suppose 2*j + c = -0*c + d, -j + 324 = 3*c. Let t = -191 + j. What are the prime factors of t?
139
What are the prime factors of (-4)/(-7 - (-135)/18) - -4635?
7, 661
Let p(l) = l**2 - 23*l + 4. Let m be p(23). Suppose 0*v - m*v = 4*b - 1916, -v = 3. What are the prime factors of b?
2, 241
Suppose -3*v = 9, 3*v - 12 = 2*g - v. Let y(l) = -68*l + 25. Let i be y(g). Suppose 0 = -3*o - 4*u + 511, -5*o + i = -0*o + 4*u. List the prime factors of o.
3, 5, 11
List the prime factors of (-22220)/(-4) - (-17 + 11)/6.
2, 3, 463
Suppose -53*j + 47*j = -12648. Suppose -2*g = 3*x - 3*g - j, 2*x - 1412 = 4*g. What are the prime factors of x?
2, 3, 13
Suppose 5*h + 0*g + g = 52, 4*h - 4*g - 56 = 0. Suppose h*w - 6171 = -0*w. List the prime factors of w.
3, 11, 17
Suppose 3*c - 23724 = -4*v + 22085, -3*v - 3*c = -34359. List the prime factors of v.
2, 5, 229
Let j(o) = 296*o + 917. What are the prime factors of j(19)?
31, 211
Suppose -6 = 3*r, 53*w - 4*r + 21764 = 57*w. What are the prime factors of w?
5443
Let m = -51 - -254. Let v = -174 + m. What are the prime factors of v?
29
Let w(n) = 122*n - 3175. What are the prime factors of w(68)?
3, 569
Let j(b) = -406*b + 9. Let o(v) = -203*v + 4. Let m(a) = -4*j(a) + 10*o(a). What are the prime factors of m(-1)?
2, 5, 41
Let m be (-3)/(-10)*-2 - (-144)/40. Suppose 996 = r + m*o, r + 988 = 2*r + o. Suppose v - 13*v = -r. List the prime factors of v.
2, 41
List the prime factors of ((4 - 5) + 12/9)/((-2)/(-102888)).
2, 3, 1429
Suppose 2314*j - 203496 = 2302*j. What are the prime factors of j?
2, 61, 139
Suppose 10 = -2*c, -k - 20 = 2*c + 3*c. Let h(o) = 190*o + 1. What are the prime factors of h(k)?
3, 317
Let p be 9 - (8 + -2 - 2). What are the prime factors of p/(-20) - (-4162)/8?
2, 5, 13
Let u(k) = 6*k**2 + 71*k - 1794. List the prime factors of u(56).
2, 10499
Let g = 20711 - 8619. What are the prime factors of 48/84 - g/(-7)?
2, 3
Suppose -68 = 4*k - 5*v, 0 = -2*k + 3*v - v - 32. What are the prime factors of k/10*(-90)/(-36) - -423?
2, 3, 5, 7
Let u(x) = -9*x**2 - 5*x + 13. Let a be u(6). Let b = 523 + a. Suppose r + p - b = -2*r, -r + 54 = -p. What are the prime factors of r?
59
Suppose 5*p + 688 = -3*a, 0 = -a - 2*a + 12. Let w = -75 - p. Suppose -4*l - w = -5*l. List the prime factors of l.
5, 13
Let k(u) = u**3 - 8*u**2 - 14*u - 9. Let h be k(10). Suppose 0 = -52*t + h*t + 380. What are the prime factors of t?
2, 5, 19
Let v be ((0 - -2) + 0)*-4. Let p be (3 + (-190)/(-8))/(2/v). Let w = 214 + p. What are the prime factors of w?
107
Suppose v + 9 = 5*r - 3*r, 4*v = -4*r - 12. List the prime factors of v/5 + (2 - -678)/4.
13
Suppose 138*z - 12 = 136*z. Suppose -960 = -z*d + 3264. List the prime factors of d.
2, 11
Suppose 23*m - 129296 = 7*m. List the prime factors of m.
8081
Let g(y) be the third derivative of 59*y**4/24 - 7*y**3 - 2*y**2 - 3*y. What are the prime factors of g(7)?
7, 53
Suppose 0 = 35*z - 426 - 169. Suppose 31*g = z*g + 15260. What are the prime factors of g?
2, 5, 109
Suppose 15*c + 2060 = -2*y + 19*c, 0 = -4*y - c - 4111. Let k = -391 - y. What are the prime factors of k?
7, 13
Suppose u = 5*o + 3995, -12*o - 5*u - 799 = -11*o. Let j = 1311 + o. List the prime factors of j.
2
Suppose -94 - 137 = 3*t. Let g = 13 + t. Let a = 142 + g. What are the prime factors of a?
2, 3, 13
Let z = 37 - 32. List the prime factors of -471*4/(-6) + z.
11, 29
Let w = -222 + 494. Suppose 0 = 5*q - 348 - w. Let d = -64 + q. List the prime factors of d.
2, 3, 5
Let h(u) = 2*u - 6. Let y be h(4). Suppose -3*s = -y*p + 88 - 322, 4*s - 319 = 5*p. Suppose 66*k - 64*k - s = 0. List the prime factors of k.
2, 19
Let t(g) = -5 + 3*g**2 - 2 - 4 + 9. Let o be t(-3). List the prime factors of 818/12 + o/(-150).
2, 17
Suppose -782 = -w - 2*o, 588*w - 591*w + 5*o + 2412 = 0. Let b be 3*(-26)/(-3)*2. Suppose -3*l = 5*p - w, l = p + 322 - b. What are the prime factors of l?
2, 67
Let x be 6/30 + 0 - (-212)/(-10). List the prime factors of 505 + x/49*-7.
2, 127
Suppose 9*r = 10*r + 10. Suppose -11*x + 8*x + 144 = 0. Let o = x + r. List the prime factors of o.
2, 19
Suppose -1066 = -11*c + 12*c. Let s = c + 1508. What are the prime factors of s?
2, 13, 17
Suppose 22*d + 40513 = -7*d. Let j = 1993 + d. What are the prime factors of j?
2, 149
Suppose 0 = -3*a - 140 + 554. Suppose -7 = -n - 2*c + 3, -4*n - 15 = -3*c. Suppose n = 38*l - 36*l - a. What are the prime factors of l?
3, 23
Suppose 4*h + 2*h = 3*h. List the prime factors of 5 + (-2 - h) - (-8 + -87).
2, 7
Let o be (-24)/(-3)*(-9)/(-24). Suppose -w + 0*w - o = 0. Let a(n) = 9*n**2 + 2*n - 7. List the prime factors of a(w).
2, 17
Suppose 9*y - 466 = 6599. Suppose -15*x = -11*x - 12, 0 = k + 2*x - y. List the prime factors of k.
19, 41
Let n(j) = 233*j**3 - 20*j**2 - 14*j + 5. What are the prime factors of n(6)?
49529
Let b(s) = -4*s**3 + 17*s**2 + 10*s + 1528. Let f(w) = -3*w**3 + 12*w**2 + 7*w + 1019. Let o(x) = 5*b(x) - 7*f(x). What are the prime factors of o(0)?
3, 13
Let y(z) = z**2 + 821 + 12*z - 29*z + 122. What are the prime factors of y(0)?
23, 41
Suppose -3*r + 6342 = 4*r. Suppose 2*u = -2*a + 2775 + 1037, 0 = 3*u + 4*a - 5714. Suppose -u = -11*d + r. List the prime factors of d.
2
Let x be (-11)/(-44) - 2158/(-8). Let g = -10 - -9. What are the prime factors of x - 31 - g*1?
2, 3, 5
Suppose 4*h + 11732 = j, -2*h + 22302 = -3*j + 57478. List the prime factors of j.
2, 3, 977
Let x(w) = -75 - 3*w + 39 + 34*w**2 + 13*w**2 + 13*w**2. What are the prime factors of x(5)?
3, 7, 23
Let y = -3925 - -5730. Suppose 0 = 67*j - 72*j + y. What are the prime factors of j?
19
Suppose -2*v - 286*t = -283*t - 3197, -2*v + 3200 = 4*t. List the prime factors of v.
2, 797
Let m(y) = 21*y**3 - 2*y**2 + 1. Suppose 2*n + 90 = 3*n. Let w = n + -88. What are the prime factors of m(w)?
7, 23
Let b = -31 + 29. Let a be -356*1/b*1. Suppose -6*y - a = -8*y. What are the prime factors of y?
89
Let o = 8932 + -5879. List the prime factors of o.
43, 71
Let g(q) = 3*q**2 + 7*q - 17. Let w be g(-10). Let y = w - 76. Let p = 148 - y. What are the prime factors of p?
11
List the prime factors of -19 + 26 + (4 + -2 - 20210/(-1)).
20219
Suppose 15*r + 15 = 165. Suppose 33 = 2*x - 3*a, -2*a + r = 2*x + 2. What are the prime factors of x?
3
Let x(n) = 2*n**3 + 28*n**2 + 70*n - 8. List the prime factors of x(16).
2, 29, 71
Suppose -46 + 43 = -2*n - v, -5*n = v - 9. Suppose -2*h - 30 = 3*w, -3*h = -2*w + 10 + 9. List the prime factors of (h/18)/(n/(-404)).
101
Suppose 3*m = 5*w - 45982, -72*m - 18384 = -2*w - 73*m. What are the prime factors of w?
2, 4597
Suppose 4*q - 2*r - 7402 = 0, q - 5*r - 492 = 1345. Suppose -q = 7*x - 8607. What are the prime factors of x?
5, 193
Let x be 12/(-3) - (-1 - 1)*1. Let b(u) = 3 + 4*u + u - u + 16*u**2. What are the prime factors of b(x)?
59
Let j(n) = 3*n - 10*n + 4*n + 0*n + 103. Let t be j(0). Let y = -51 + t. What are the prime factors of y?
2, 13
Let j = 4 - -6. Suppose -j*g - 148 = -648. Let l = g + -21. List the prime factors of l.
29
Suppose -4*v = 5*f - 13537, 2*v - 2*f - f = 6763. Suppose 0 = 3*k + 25*u - 20*u - v, -u = 3*k - 3367. What are the prime factors of k?
19, 59
Suppose 0 = -y + 8*y - 1155. Suppose 2087 = 4*v - y. What are the prime factors of v?
563
Let v = 618 + -2605. Let m = v - -3103. List the prime factors of m.
2, 3, 31
Suppose 4*k - 14*k = -87272 - 226278. List the prime factors of k.
5, 6271
List the prime factors of -4 + ((2 + -3)/1 - (11 - 8197)).
3, 101
Let v = -48 - -280. Suppose 0 = -3*m - m + v. List the prime factors of m.
2, 29
Suppose -1780 = -4*v + 5*z, -5*v + 3*z = -698 - 1527. Let c = 1219 + v. What are the prime factors of c?
2, 13
Let v(a) = -a**3 - 11*a**2 - 8*a - 8. Let k be v(-10). Let q = -38 - k. What are the prime factors of (20/(-6))/(q/15)?
5
Let j be -211 + 4/16 + 68/(-16). What are the prime factors of (j/(-2))/(-1)*30/(-15)?
5, 43
Suppose 76 = -24